alse
Is 618 a multiple of 9?
False
Is 16 a factor of 29410?
False
Is 22 a factor of 2031?
False
Is 25654 a multiple of 127?
True
Is 5282 a multiple of 38?
True
Is 19 a factor of 342?
True
Does 14 divide 2978?
False
Does 16 divide 412?
False
Is 16 a factor of 4080?
True
Is 193 a factor of 55198?
True
Is 2757 a multiple of 18?
False
Does 30 divide 1755?
False
Does 4 divide 128?
True
Is 36 a factor of 1800?
True
Is 96444 a multiple of 94?
True
Is 31 a factor of 217?
True
Is 312 a multiple of 26?
True
Is 924 a multiple of 4?
True
Is 34 a factor of 544?
True
Is 3224 a multiple of 124?
True
Is 20280 a multiple of 52?
True
Is 504 a multiple of 72?
True
Is 320 a multiple of 32?
True
Is 7517 a multiple of 109?
False
Is 56 a factor of 56?
True
Is 25 a factor of 1957?
False
Does 4 divide 162?
False
Does 29 divide 413?
False
Is 6989 a multiple of 29?
True
Is 28 a factor of 2520?
True
Is 17478 a multiple of 90?
False
Does 68 divide 1156?
True
Is 4 a factor of 292?
True
Is 6 a factor of 6288?
True
Does 54 divide 1419?
False
Is 98 a factor of 4704?
True
Does 39 divide 351?
True
Does 43 divide 13975?
True
Does 20 divide 598?
False
Is 12 a multiple of 12?
True
Is 60 a factor of 8320?
False
Does 38 divide 85356?
False
Is 35256 a multiple of 78?
True
Is 1178 a multiple of 51?
False
Does 69 divide 4972?
False
Is 31 a factor of 3229?
False
Is 9 a factor of 12383?
False
Is 5 a factor of 195?
True
Does 37 divide 3404?
True
Is 23912 a multiple of 87?
False
Is 7 a factor of 2285?
False
Is 76 a factor of 2957?
False
Is 651 a multiple of 20?
False
Does 286 divide 66638?
True
Is 17975 a multiple of 13?
False
Is 1044 a multiple of 116?
True
Does 37 divide 6623?
True
Is 31 a factor of 1693?
False
Is 39139 a multiple of 16?
False
Is 98 a multiple of 3?
False
Is 11712 a multiple of 64?
True
Is 7340 a multiple of 9?
False
Does 17 divide 51841?
False
Is 32 a multiple of 9?
False
Does 198 divide 27726?
False
Is 59 a factor of 4269?
False
Is 149 a multiple of 3?
False
Does 10 divide 24720?
True
Is 8 a factor of 856?
True
Is 31920 a multiple of 8?
True
Is 7 a factor of 2584?
False
Does 13 divide 10491?
True
Does 41 divide 565?
False
Is 25586 a multiple of 13?
False
Is 187 a multiple of 17?
True
Does 31 divide 5370?
False
Is 20 a factor of 16201?
False
Does 62 divide 1551?
False
Does 4 divide 184?
True
Is 1914 a multiple of 66?
True
Is 4149 a multiple of 32?
False
Is 57 a multiple of 26?
False
Does 55 divide 660?
True
Does 21 divide 11286?
False
Is 36874 a multiple of 15?
False
Is 2623 a multiple of 61?
True
Is 3399 a multiple of 103?
True
Is 38 a factor of 4446?
True
Is 1606 a multiple of 5?
False
Does 48 divide 432?
True
Is 16671 a multiple of 87?
False
Is 93 a factor of 3254?
False
Is 2828 a multiple of 161?
False
Is 7934 a multiple of 12?
False
Does 4 divide 415?
False
Is 15 a factor of 1383?
False
Is 3 a factor of 215?
False
Is 504 a multiple of 18?
True
Is 11 a factor of 330?
True
Does 40 divide 720?
True
Does 8 divide 2144?
True
Is 11 a multiple of 11?
True
Does 220 divide 12760?
True
Does 6 divide 23124?
True
Is 288 a multiple of 3?
True
Does 19 divide 3363?
True
Is 14 a factor of 203294?
True
Is 3707 a multiple of 17?
False
Is 58 a factor of 3654?
True
Is 1989 a multiple of 17?
True
Is 1035 a multiple of 23?
True
Is 37 a factor of 222?
True
Is 1464 a multiple of 24?
True
Does 2 divide 541?
False
Is 34 a factor of 4010?
False
Is 100 a factor of 23723?
False
Is 87150 a multiple of 14?
True
Is 15768 a multiple of 18?
True
Does 34 divide 578?
True
Is 7 a multiple of 4?
False
Does 18 divide 36?
True
Does 153 divide 35037?
True
Is 2136 a multiple of 7?
False
Is 282 a factor of 90522?
True
Does 13 divide 15075?
False
Does 80 divide 5218?
False
Is 101049 a multiple of 373?
False
Does 6 divide 381?
False
Is 5425 a multiple of 20?
False
Does 101 divide 13299?
False
Is 11 a factor of 182?
False
Is 3 a factor of 789?
True
Is 9 a factor of 92?
False
Is 6 a factor of 3456?
True
Does 90 divide 44910?
True
Is 46 a factor of 284?
False
Is 28 a multiple of 12?
False
Is 7229 a multiple of 17?
False
Does 53 divide 742?
True
Does 25 divide 32091?
False
Is 42 a multiple of 21?
True
Is 13 a factor of 1534?
True
Is 49650 a multiple of 75?
True
Does 105 divide 1450?
False
Does 18 divide 54?
True
Does 4 divide 65?
False
Is 35 a factor of 2649?
False
Does 63 divide 394?
False
Does 3 divide 553?
False
Is 14883 a multiple of 41?
True
Does 10 divide 260?
True
Is 15 a factor of 390?
True
Is 3486 a multiple of 21?
True
Is 1241 a multiple of 17?
True
Does 6 divide 17058?
True
Is 3313 a multiple of 18?
False
Is 51288 a multiple of 18?
False
Is 27 a factor of 119572?
False
Does 11 divide 3960?
True
Does 22 divide 2508?
True
Is 50 a factor of 27611?
False
Is 2736 a multiple of 48?
True
Does 75 divide 3353?
False
Is 230 a factor of 10350?
True
Is 64 a multiple of 8?
True
Does 4 divide 138?
False
Is 125 a factor of 11000?
True
Is 154 a factor of 5379?
False
Is 27 a multiple of 3?
True
Is 18 a factor of 902?
False
Is 2 a factor of 439?
False
Is 2592 a multiple of 32?
True
Does 3 divide 108?
True
Is 20 a factor of 5020?
True
Is 10 a factor of 2301?
False
Is 10 a factor of 32250?
True
Is 31 a factor of 50189?
True
Is 9102 a multiple of 41?
True
Does 13 divide 846?
False
Does 5 divide 44?
False
Is 95 a factor of 1615?
True
Does 22 divide 914?
False
Does 8 divide 35704?
True
Is 61 a factor of 2135?
True
Is 1786 a multiple of 19?
True
Is 8200 a multiple of 82?
True
Is 27 a factor of 285?
False
Is 27985 a multiple of 5?
True
Does 9 divide 7958?
False
Is 2 a factor of 5124?
True
Does 6 divide 1217?
False
Is 20 a factor of 2790?
False
Is 7480 a multiple of 85?
True
Does 28 divide 25808?
False
Is 36 a factor of 36?
True
Does 25 divide 2000?
True
Is 38376 a multiple of 312?
True
Is 12 a factor of 12?
True
Is 6349 a multiple of 5?
False
Does 117 divide 11895?
False
Does 91 divide 1219?
False
Is 50 a factor of 2844?
False
Is 96 a factor of 6138?
False
Does 33 divide 1947?
True
Does 9 divide 22051?
False
Is 3799 a multiple of 131?
True
Does 36 divide 109116?
True
Is 6 a factor of 716?
False
Is 9208 a multiple of 46?
False
Is 4 a factor of 8096?
True
Does 7 divide 330?
False
Does 7 divide 420?
True
Is 6935 a multiple of 15?
False
Does 10 divide 7380?
True
Does 125 divide 3641?
False
Does 10 divide 22281?
False
Is 7 a factor of 23282?
True
Does 9 divide 41097?
False
Does 23 divide 242?
False
Is 4590 a multiple of 15?
True
Is 4925 a multiple of 68?
False
Is 6052 a multiple of 89?
True
Is 28038 a multiple of 82?
False
Does 16 divide 24532?
False
Is 74 a factor of 23384?
True
Is 74 a factor of 8307?
False
Is 5652 a multiple of 18?
True
Is 76155 a multiple of 137?
False
Is 11 a factor of 561?
True
Is 3 a factor of 9385?
False
Is 12 a factor of 396?
True
Is 8775 a multiple of 25?
True
Is 12225 a multiple of 59?
False
Is 1902 a multiple of 3?
True
Does 42 divide 1433?
False
Is 1191 a multiple of 47?
False
Is 3 a factor of 76?
False
Is 640 a multiple of 10?
True
Is 508 a multiple of 2?
True
Does 37 divide 7955?
True
Is 115 a factor of 1188?
False
Is 14 a factor of 3974?
False
Is 87 a factor of 4350?
True
Does 14 divide 2590?
True
Is 19565 a multiple of 7?
True
Is 324 a multiple of 27?
True
Does 12 divide 2427?
False
Does 12 divide 708?
True
Is 167 a factor of 11690?
True
Is 3 a factor of 171?
True
Does 8 divide 5704?
True
Is 7 a factor of 7687?
False
Is 2090 a multiple of 11?
True
Is 20425 a multiple of 4?
False
Does 13 divide 643?
False
Does 6 divide 179?
False
Is 22 a factor of 365?
False
Does 17 divide 11479?
False
Is 9 a factor of 513?
True
Is 18 a factor of 661?
False
Is 87 a factor of 17922?
True
Is 3 a factor of 718?
False
Does 29 divide 1623?
False
Does 23 divide 26531?
False
Does 296 divide 21794?
False
Is 18 a factor of 234?
True
Is 3 a factor of 6000?
True
Does 41 divide 15342?
False
Is 9 a factor of 2700?
True
Does 20 divide 160?
True
Is 6652 a multiple of 13?
False
Is 260 a multiple of 52?
True
Is 6142 a multiple of 45?
False
Is 7 a factor of 1343?
False
Does 13 divide 3731?
True
Is 1721 a multiple of 58?
False
Is 18 a factor of 147178?
False
Is 4591 a multiple of 9?
False
Is 741 a multiple of 9?
False
Is 991 a multiple of 12?
False
Does 9 divide 394?
False
Is 693 a multiple of 9?
True
Is 48 a factor of 25536?
Tru